. List the prime factors of n.
2, 11, 163
Let n(q) = 9*q**3 - 4*q**2 + 4*q - 2. Let g(z) be the second derivative of -z**3/6 + 3*z**2 + 2*z. Let f be g(4). What are the prime factors of n(f)?
2, 31
Suppose 7*b + 24 = -b. List the prime factors of -1*(-28 - b/1).
5
Let i(u) = -u**3 + 7*u**2 - 8*u + 6. Let r be i(6). Let l(j) = j**2. Let y(s) = 7*s**2 + 10*s + 5. Let a(g) = 6*l(g) - y(g). What are the prime factors of a(r)?
19
Let m(q) = q**2 + 2*q - 11. Suppose 2 = 2*b + 16. What are the prime factors of m(b)?
2, 3
Let t = 14 - 14. Suppose 10*b - 6*b + 12 = t. List the prime factors of ((-5)/3)/(b/27).
3, 5
Suppose 2*z = 5*n - 0*z - 103, -z = -4*n + 80. Let h = n - -66. List the prime factors of h.
5, 17
Let z be (-1)/(-2) - 3/(-2). Suppose -5*t + 4*t + 73 = -s, z*t - 4*s - 146 = 0. List the prime factors of t.
73
Let p be ((-24)/(-14))/((-22)/(-385)). Suppose -p = -q + 91. What are the prime factors of q?
11
Suppose -2*q + 108 = q. Let g = 15 + q. Suppose 4*o + 5*n = -0*o + 171, -4*n = o - g. List the prime factors of o.
3, 13
Suppose -4*o + 4*l = -2020, 0 = 3*o - 0*o - 2*l - 1516. List the prime factors of o.
2, 11, 23
Suppose -3*o = 2*o + 15. Let y = o - -8. Let a(v) = 6*v - 6. What are the prime factors of a(y)?
2, 3
Let i be 154/35 - 4/10. Let g be 69 + (-7)/((-14)/i). Suppose 5*p - m = -2*m + 189, 2*p = -5*m + g. List the prime factors of p.
2, 19
Suppose 0 = -b + 8*t - 6*t + 1778, -2*b = -2*t - 3564. List the prime factors of b.
2, 19, 47
Suppose m - 3*m = 2*t + 12, -28 = 5*t + 4*m. Let x be -121*(-1)/(-8) + (-11)/(-88). Let b = t - x. List the prime factors of b.
11
Suppose -306*f = -319*f + 6227. What are the prime factors of f?
479
Let m(s) = -2*s - 16. Let b be m(-5). Let c(y) = y**3 + 9*y**2 + 6*y + 7. What are the prime factors of c(b)?
79
What are the prime factors of 1672/33*(-2)/(12/(-477))?
2, 19, 53
Suppose -2*n = -4*o - 0*o - 374, n = -4*o + 175. What are the prime factors of n?
3, 61
Let f(w) = -w**2 + 9*w + 9. Let k be f(7). Let m = k - 9. List the prime factors of m.
2, 7
Suppose -265 = -4*f - 4*m + 339, -2*m + 146 = f. What are the prime factors of f?
2, 3, 13
Let q(l) = l**3 + 8*l**2 + 5*l - 12. Let k be q(-7). Suppose g = 4*t + 124, 241 = k*g - 2*t - 7. What are the prime factors of g?
2, 31
Suppose 749 + 289 = 3*v. What are the prime factors of 1/(-2) + v/4?
2, 43
Let l be (-2)/(-8) + (-419)/(-4). Suppose 12*a = 15*a - l. List the prime factors of a.
5, 7
Suppose 2*r - 3 = r, g - 15 = -5*r. Suppose -f = -g*f. Suppose f*l = 5*l - 145. What are the prime factors of l?
29
Suppose 4*y = -13*y + 5848. List the prime factors of y.
2, 43
Let p(s) = s**3 + 3*s**2 - 13*s. What are the prime factors of p(6)?
2, 3, 41
Let f be 4/7 - 172/(-28)*-4. List the prime factors of 2/8 + -2 + (-2418)/f.
3, 11
Let k be 21/9 + 4/6. Suppose 432 = k*z + 60. List the prime factors of z.
2, 31
Suppose -4*n - t + 1560 = 0, -17*n - 3*t = -19*n + 780. What are the prime factors of n?
2, 3, 5, 13
Suppose 4*l = 7 + 9. Suppose l*m = -5*v + 303, -4*m = 3*v - 319 + 6. List the prime factors of m.
2, 41
Suppose 2*z - 5*m = -71, 5*z - 3*m + 166 = -59. Let w = z + 120. List the prime factors of w.
2, 3
Let f be 10/(-4)*(-4)/5. Suppose -2*z - 58 = w, 3*w = -4*z - 29 - 83. List the prime factors of z*(-3 - (0 - f)).
31
Let a(q) = 19*q**2 - 650*q. What are the prime factors of a(38)?
2, 3, 19
Let p(j) = j**2 + 11*j + 6. Let r be p(-6). Suppose -4*z - 7 - 13 = 0. Let b = z - r. What are the prime factors of b?
19
Let y(t) = 18*t + 3. Let s(j) = -2*j - 3 + 2 - 1 - 12. Let p be s(-9). What are the prime factors of y(p)?
3, 5
Suppose -4*t = -4*c + 5 - 1, 0 = 4*t + 5*c + 13. Let s = -6 + t. Let b = 44 - s. What are the prime factors of b?
2, 13
Let d = -1270 + 5937. List the prime factors of d.
13, 359
Suppose -4*o + 496 = -8*o. Let h = o + 294. List the prime factors of h.
2, 5, 17
Suppose -3*r - 2*d = -5425, 4*d - 662 = 2*r - 4284. What are the prime factors of r?
3, 67
Let u(f) = f + 8. Let c be u(-12). Let h(a) = -a**3 - 2*a**2 - 4. Let q be h(c). Let y = -13 + q. What are the prime factors of y?
3, 5
Suppose 2*w + 6*r - 2028 = 4*r, 4*w = -r + 4065. What are the prime factors of w?
3, 113
Let i = -18 + 11. Let f be (-4)/i - 436/28. Let p(n) = n**3 + 15*n**2 - 4*n - 2. List the prime factors of p(f).
2, 29
Let g = -66 - -106. Suppose -a = a - g. Let w = a - 10. List the prime factors of w.
2, 5
Let j(t) = 20*t**2 + 9*t - 2. Let k be j(2). Let c = k - 28. List the prime factors of c.
2, 17
Let o = 33 - 47. Let g be ((-38)/(-6))/(o/(-84)). Suppose -g = -a - 5*i, 0 = -4*a - i - 4*i + 212. What are the prime factors of a?
2, 29
Let x(p) be the first derivative of -p**3/3 - p**2 + 4*p - 4. Let c be x(-4). Let d = 10 - c. What are the prime factors of d?
2, 7
Suppose 2*x - 22 = -2*m + 32, 0 = 2*m - 4. Suppose -x = -f - 3*p - p, -5*f = 5*p - 170. List the prime factors of f.
37
Let u(m) = -2 + 21*m - 3 - 19*m + 2*m**2. List the prime factors of u(-5).
5, 7
Let o(n) = n**3 - 8*n**2 - 8*n - 4. Let f be o(9). What are the prime factors of 378/f + 6/(-10)?
3, 5
Let i(b) = b**2 - 6*b - 25. Let g(d) = -d + 39. Let m be g(22). Let q be i(m). Let s = q + -81. What are the prime factors of s?
3
Let l be (-2)/(-1 - 2/(-4)). Suppose -5*s + a = -12, s = l*s + a - 12. Suppose -s*o + 104 = -3*u + 17, 0 = -o - 5*u + 29. List the prime factors of o.
29
Let x(b) = 4*b - 4. Let w be x(2). Suppose 2*k - 3*a = 3, k + 0*a = -w*a + 18. What are the prime factors of k?
2, 3
List the prime factors of (20934/(-15))/((-36)/120).
2, 1163
Suppose -13 = -3*c - f, -3*c + 5*f + 15 = 8*f. Suppose -3*u + c*g = -289 - 522, 2*u - g - 549 = 0. List the prime factors of u.
277
Let o = 2458 - 1823. List the prime factors of o.
5, 127
Let q(t) = -40*t - 33. Let o be q(-6). List the prime factors of 4/((-20)/(-25)) + o.
2, 53
Suppose -7*t - 5*s + 2647 = -3*t, -3*t = -4*s - 2024. What are the prime factors of t?
2, 167
Suppose -7*d - 5*t = -2*d - 3415, t + 3445 = 5*d. List the prime factors of d.
2, 43
Suppose -4*s + 5 = -f, 4*f + 0*f - s = 25. Let z = 19 - f. What are the prime factors of z?
2, 3
List the prime factors of (-2)/1 - ((-96)/8 + -738).
2, 11, 17
Let d(t) = -27*t**3 + 3*t**2 + 3*t + 1. Let k be d(-1). What are the prime factors of (3/(-8))/((-21)/k)*242?
11
Let u(o) = -o**3 - 16*o**2 - 12*o - 31. List the prime factors of u(-17).
2, 3, 7, 11
Suppose -3*w - w = -2608. List the prime factors of w.
2, 163
Let u = -11 + 9. Let h be 30/26 - u/(-13). Suppose 2*q + 5*k = -h, -3*q + 2*q + 4 = k. What are the prime factors of q?
7
Let w = -30 - -12. Let u = -65 - -53. Let a = u - w. List the prime factors of a.
2, 3
Let w(h) = 10*h + 15 - h**2 + 9 - 26. List the prime factors of w(4).
2, 11
Let l(a) = -a**2 - 15*a + 2. Let o be l(-10). Let u(w) = -4*w - 1. Let b be u(-6). Let y = o - b. List the prime factors of y.
29
Let c(y) = -y**2 - 12*y + 241. What are the prime factors of c(0)?
241
Let f = -45 + 49. Suppose -9 = f*s - 65. List the prime factors of s.
2, 7
Let c be 18/(-45) - (-48)/(-5). Let d = c + 4. List the prime factors of ((-2)/d)/((-3)/(-81)).
3
Let h be 0*(-4 + -1 - -4). Suppose 4*b - 133 - 27 = h. What are the prime factors of b?
2, 5
Let w = 233 + -110. Let p = w + -58. List the prime factors of p.
5, 13
Let f be (12/3)/4 + 62. Let c = f - 16. Let s = -34 + c. What are the prime factors of s?
13
Suppose -r - 66 = -p + 2*r, 16 = -4*r. List the prime factors of 5874/p + (-4)/(-18).
109
Suppose -5*o - 632 = -2*a - 2104, 580 = 2*o - 3*a. What are the prime factors of o?
2, 37
List the prime factors of 1069 + 1 - 0/(-42).
2, 5, 107
Let k(h) = -h**3 - 8*h**2 - 2*h + 22. Suppose -5 = 5*m, -3*m - 48 = 5*g - 0*m. What are the prime factors of k(g)?
11
Let d(a) = -a**3 - 5*a**2 + 19*a - 26. What are the prime factors of d(-10)?
2, 71
Suppose 4*p - 8*p = -2524. List the prime factors of p.
631
Let u = -18 + 18. Suppose u = -7*l - 269 + 1319. What are the prime factors of l?
2, 3, 5
Let w = -47 + 48. What are the prime factors of w + 890/4 - 4/(-8)?
2, 7
Suppose -2*g + 6855 = 5*i, -5*i - 54*g + 6855 = -59*g. What are the prime factors of i?
3, 457
Let p = 23 + -18. Suppose b = -p*m + 10, -2 = b + 3. What are the prime factors of (-12)/m + 21 - 2?
3, 5
Suppose -5*j = -2*m - 1232, 20 = 5*m - 0. Sup